ommon divisor of 6976 and 109?
109
What is the highest common divisor of 4392 and 36?
36
Calculate the highest common factor of 414 and 54.
18
What is the highest common divisor of 399 and 665?
133
Calculate the greatest common factor of 17 and 289.
17
What is the highest common divisor of 9 and 51?
3
What is the highest common divisor of 26 and 806?
26
Calculate the highest common divisor of 133 and 77.
7
What is the highest common factor of 330 and 17358?
66
What is the highest common divisor of 208 and 64?
16
Calculate the highest common factor of 414 and 2438.
46
Calculate the highest common divisor of 200 and 140.
20
What is the highest common factor of 650 and 1075?
25
Calculate the greatest common divisor of 512 and 16.
16
Calculate the greatest common factor of 22 and 1562.
22
Calculate the greatest common factor of 2304 and 36.
36
Calculate the greatest common divisor of 9432 and 72.
72
What is the highest common divisor of 15552 and 54?
54
Calculate the highest common factor of 52 and 533.
13
What is the greatest common factor of 50 and 39?
1
Calculate the greatest common factor of 170 and 30.
10
Calculate the highest common divisor of 63 and 105.
21
Calculate the highest common divisor of 5967 and 153.
153
What is the greatest common factor of 37 and 2997?
37
Calculate the greatest common factor of 172 and 4644.
172
What is the highest common divisor of 1350 and 100?
50
Calculate the greatest common factor of 20 and 70.
10
Calculate the highest common divisor of 13 and 2509.
13
What is the highest common divisor of 2226 and 882?
42
Calculate the greatest common factor of 216 and 192.
24
What is the highest common factor of 10 and 5855?
5
Calculate the greatest common factor of 50 and 4.
2
Calculate the highest common factor of 3625 and 375.
125
What is the highest common factor of 30 and 90?
30
Calculate the highest common divisor of 70 and 98.
14
Calculate the greatest common factor of 9 and 5823.
9
What is the highest common factor of 24 and 1500?
12
What is the highest common divisor of 15 and 2595?
15
Calculate the greatest common divisor of 1066 and 984.
82
Calculate the highest common divisor of 80 and 12.
4
Calculate the highest common divisor of 2064 and 24.
24
Calculate the highest common factor of 1659 and 42.
21
Calculate the greatest common factor of 286 and 52.
26
Calculate the highest common divisor of 2266 and 11.
11
Calculate the greatest common factor of 240 and 5160.
120
Calculate the highest common divisor of 238 and 136.
34
Calculate the highest common factor of 5 and 55.
5
Calculate the highest common divisor of 660 and 120.
60
Calculate the greatest common divisor of 34 and 1343.
17
Calculate the greatest common factor of 298 and 2.
2
Calculate the highest common divisor of 35 and 84.
7
Calculate the highest common factor of 627 and 891.
33
Calculate the greatest common factor of 19122 and 18.
6
Calculate the greatest common factor of 5136 and 48.
48
What is the highest common factor of 71 and 3124?
71
What is the greatest common divisor of 22 and 385?
11
What is the greatest common factor of 43 and 86?
43
What is the highest common factor of 15 and 1437?
3
Calculate the greatest common factor of 11264 and 22.
22
Calculate the highest common divisor of 244 and 1037.
61
What is the greatest common divisor of 114 and 12?
6
What is the highest common divisor of 79 and 6873?
79
Calculate the greatest common divisor of 247 and 38.
19
Calculate the highest common divisor of 6 and 792.
6
Calculate the highest common divisor of 40 and 208.
8
What is the highest common factor of 18520 and 40?
40
What is the greatest common factor of 16 and 11888?
16
What is the greatest common factor of 22 and 176?
22
Calculate the greatest common divisor of 34 and 2363.
17
What is the greatest common factor of 143 and 13?
13
What is the greatest common divisor of 50 and 2?
2
What is the highest common divisor of 44 and 242?
22
What is the highest common factor of 45 and 2745?
45
What is the greatest common divisor of 2340 and 120?
60
What is the greatest common divisor of 1998 and 216?
54
Calculate the highest common factor of 126 and 42.
42
Calculate the greatest common divisor of 172 and 473.
43
What is the greatest common divisor of 24 and 88?
8
Calculate the greatest common factor of 252 and 71064.
252
What is the greatest common factor of 19 and 9728?
19
What is the greatest common factor of 544 and 51?
17
What is the highest common factor of 115 and 1771?
23
What is the highest common divisor of 255 and 17?
17
What is the greatest common divisor of 57 and 3?
3
Calculate the highest common divisor of 1600 and 25.
25
What is the highest common divisor of 24 and 80?
8
Calculate the highest common factor of 1274 and 26.
26
Calculate the greatest common divisor of 108 and 1026.
54
What is the greatest common divisor of 50 and 3425?
25
Calculate the highest common factor of 39 and 78.
39
What is the highest common divisor of 2775 and 1480?
185
What is the greatest common divisor of 209 and 437?
19
Calculate the highest common divisor of 142 and 1278.
142
What is the greatest common factor of 108 and 351?
27
What is the highest common factor of 46 and 230?
46
What is the highest common divisor of 231 and 21?
21
What is the greatest common factor of 752 and 160?
16
What is the highest common divisor of 49 and 504?
7
What is the highest common factor of 15 and 10?
5
What is the highest common factor of 9 and 2421?
9
What is the highest common factor of 3145 and 17?
17
Calculate the greatest common divisor of 651 and 63.
21
Calculate the greatest common factor of 15956 and 4.
4
What is the highest common factor of 12 and 162?
6
What is the greatest common factor of 5 and 155?
5
What is the highest common divisor of 13 and 208?
13
What is the highest common factor of 203 and 29?
29
Calculate the greatest common divisor of 35 and 5.
5
Calculate the greatest common divisor of 62 and 434.
62
Calculate the greatest common factor of 407 and 11.
11
What is the greatest common divisor of 291 and 4?
1
Calculate the highest common factor of 36 and 94626.
18
What is the greatest common divisor of 20 and 980?
20
What is the highest common divisor of 40 and 16?
8
Calculate the greatest common divisor of 4984 and 1691.
89
Calculate the greatest common divisor of 60 and 3840.
60
What is the greatest common divisor of 95 and 115?
5
What is the greatest common factor of 88 and 10472?
88
Calculate the highest common divisor of 341 and 372.
31
What is the highest common factor of 34 and 4267?
17
Calculate the highest common divisor of 46 and 2990.
46
Calculate the greatest common factor of 332 and 2739.
83
What is the highest common divisor of 1224 and 51?
51
What is the greatest common divisor of 67 and 16013?
67
Calculate the greatest common divisor of 64 and 1552.
16
Calculate the highest common divisor of 4060 and 7.
7
What is the highest common divisor of 23 and 2921?
23
Calculate the greatest common divisor of 4 and 956.
4
What is the highest common divisor of 24 and 1116?
12
What is the greatest common factor of 98 and 378?
14
What is the highest common divisor of 1272 and 120?
24
Calculate the highest common factor of 925 and 111.
37
What is the greatest common divisor of 767 and 13?
13
Calculate the highest common factor of 210 and 1302.
42
What is the greatest common divisor of 134 and 8?
2
What is the highest common divisor of 2350 and 150?
50
What is the highest common divisor of 2744 and 833?
49
What is the highest common divisor of 264 and 204?
12
Calculate the greatest common factor of 30 and 1110.
30
Calculate the highest common factor of 1248 and 6.
6
Calculate the greatest common divisor of 592 and 222.
74
What is the highest common factor of 975 and 3225?
75
What is the greatest common factor of 1020 and 8364?
204
Calculate the highest common factor of 9625 and 175.
175
What is the highest common divisor of 539 and 1540?
77
What is the highest common divisor of 272 and 32?
16
Calculate the highest common divisor of 40 and 5.
5
What is the greatest common factor of 15 and 3405?
15
Calculate the highest common factor of 16 and 11824.
16
What is the highest common factor of 225 and 9?
9
What is the greatest common divisor of 82 and 369?
